8*a**2 - 36*a + 239. Give b(-47).
-278
Let h(d) = 62*d + 148. What is h(-3)?
-38
Let f(x) = -4*x**3 + 5*x**2 + 4*x - 6. Give f(2).
-10
Let l(m) = 2*m**3 + 237*m**2 + 1494*m - 462. Determine l(-7).
7
Let j(p) = -p**3 + 10*p**2 - 9*p - 10. What is j(9)?
-10
Let j(w) = 8437*w + 8442. What is j(-1)?
5
Let v(b) = 651*b - 22734. What is v(35)?
51
Let m(w) = -2*w + 1. Calculate m(6).
-11
Let g(o) = 143*o - 10. What is g(-1)?
-153
Let m(d) = -d**3 + 32*d**2 + 41*d - 246. What is m(33)?
18
Let u(n) = -697*n - 8381. Give u(-12).
-17
Let r(o) = -3391*o + 81391. Calculate r(24).
7
Let q(j) = 2*j**2 - 5*j - 3. Determine q(-3).
30
Let z(d) = 215*d - 21090. Calculate z(98).
-20
Let z(s) = -25*s + 4590. Determine z(184).
-10
Let x(v) = v**3 - 3*v**2 + 43*v + 123. Determine x(-3).
-60
Let r(x) = -2*x**3 - 48*x**2 - 267*x + 22. Calculate r(-9).
-5
Let v(k) = k**3 + 32*k**2 - 25*k + 185. Determine v(-33).
-79
Let b(v) = 3*v**2 - 33*v - 108. Determine b(14).
18
Let t(c) = 43*c**2 + 269*c + 534. Determine t(-2).
168
Let k(b) = b**3 + 25*b**2 - 5*b - 73. Give k(-25).
52
Let f(h) = 5*h**2 - 25*h + 97. Calculate f(10).
347
Let c(a) = -2*a**2 + 52*a + 181. Give c(29).
7
Let w(v) = -3*v**2 - 18*v + 60. Give w(5).
-105
Let m(g) = -g**2 + 148*g - 883. Determine m(6).
-31
Let c(j) = 2*j - 28. Calculate c(-33).
-94
Let u(f) = 34*f - 326. Calculate u(10).
14
Let i(j) = -122*j - 1180. Calculate i(-10).
40
Let p(y) = y**3 + 2*y**2 - 66*y - 226. Determine p(-4).
6
Let w(i) = 2*i**3 - 95*i**2 - 51*i + 115. What is w(48)?
-29
Let s(h) = -8*h**2 - 125*h - 56. Give s(-15).
19
Let b(c) = -48*c + 826. Determine b(17).
10
Let u(q) = -91*q + 15. Determine u(2).
-167
Let j(p) = 89*p - 466. Determine j(5).
-21
Let f(h) = -h**2 - 2307*h + 32467. Calculate f(14).
-27
Let u(g) = -g**2 - 1341*g - 2681. What is u(-2)?
-3
Let f(g) = 6*g - 285. What is f(47)?
-3
Let y(r) = -r**2 + 22*r + 136. What is y(28)?
-32
Let m(s) = -1318*s - 6621. Give m(-5).
-31
Let l(r) = -215*r + 27094. What is l(126)?
4
Let i(n) = -n + 487. Give i(-49).
536
Let h(u) = -u**2 - 34*u + 509. What is h(12)?
-43
Let f(j) = -104*j - 4682. Calculate f(-45).
-2
Let t(n) = n**2 - 159*n + 769. Calculate t(5).
-1
Let q(d) = d**2 - 9*d - 129. Determine q(-10).
61
Let v(t) = 166*t - 1175. What is v(7)?
-13
Let g(n) = -5*n**2 - n + 130. What is g(6)?
-56
Let x(u) = -u**3 - 65*u**2 - 67*u - 8760. Determine x(-66).
18
Let i(l) = 5*l**2 - 2*l + 420. Give i(0).
420
Let f(v) = -19*v + 849. Give f(45).
-6
Let p(l) = -179*l + 1259. Give p(7).
6
Let t(b) = -8*b**3 - 169*b**2 - 25*b - 88. Determine t(-21).
-4
Let t(j) = 17*j**2 + 450*j + 206. What is t(-26)?
-2
Let i(h) = -h**2 - h - 26. What is i(0)?
-26
Let h(j) = -j**2 - 20*j - 34. Give h(-11).
65
Let z(y) = -8*y**2 - 32*y - 55. Determine z(-2).
-23
Let y(o) = o**2 - 42*o - 130. Calculate y(45).
5
Let x(u) = 2*u**3 + 25*u**2 + 20*u - 21. Calculate x(-11).
122
Let t(p) = -2*p**2 + 9*p - 8. Give t(6).
-26
Let t(c) = -178*c + 19939. Calculate t(112).
3
Let i(d) = -2*d**2 - 12*d - 35. What is i(-3)?
-17
Let g(d) = -3*d**2 + 340*d - 1098. Calculate g(110).
2
Let g(z) = -12*z**2 + 99*z + 2. Give g(5).
197
Let i(u) = -u**3 + u**2 + 18*u - 6. Give i(5).
-16
Let w(p) = -97*p - 1903. Calculate w(-18).
-157
Let q(f) = -45*f - 49. What is q(-2)?
41
Let y(b) = -7*b**2 - 73*b + 59. What is y(-8)?
195
Let n(g) = 63*g - 9381. Determine n(149).
6
Let x(h) = -6*h**2 - 9*h - 34. What is x(-3)?
-61
Let x(p) = p**2 - 18*p - 7518. Determine x(-78).
-30
Let f(t) = -t**2 + 33*t - 253. Calculate f(10).
-23
Let g(u) = -3*u**2 + 52*u - 39. What is g(8)?
185
Let g(k) = 7*k**3 - 8*k**2 + 21*k + 3. Calculate g(2).
69
Let h(o) = o**3 + 15*o**2 + 16*o - 18. Determine h(-9).
324
Let y(x) = x**2 + 33*x + 175. Give y(-6).
13
Let c(q) = 434*q + 863. Determine c(-2).
-5
Let m(s) = -2*s**2 - 7*s + 20. Determine m(3).
-19
Let u(a) = -a**2 - 30*a + 156. Calculate u(-35).
-19
Let z(u) = -u**3 + 42*u**2 + 133*u + 86. What is z(45)?
-4
Let c(y) = y**3 + 2*y**2 + 44*y + 408. Calculate c(-8).
-328
Let a(y) = -15*y**2 + 16*y - 8. Give a(-5).
-463
Let d(f) = -11*f**2 + 61*f - 14. Calculate d(6).
-44
Let p(h) = h**3 + 18*h**2 - 720*h + 204. Give p(19).
-119
Let b(x) = -x**3 - 33*x**2 - 264*x + 34. Calculate b(-14).
6
Let i(m) = -m**3 + 5*m**2 + 29*m - 25. What is i(-4)?
3
Let p(a) = -3*a**2 - 742*a - 22287. Calculate p(-35).
8
Let t(y) = 2*y**2 + 743*y + 49289. Calculate t(-285).
-16
Let h(v) = -v**3 + 8*v**2 - 50*v + 381. Determine h(8).
-19
Let y(s) = 25*s**3 - 138*s**2 + 64*s + 11. Calculate y(5).
6
Let b(m) = -m**3 - 10*m**2 - 24*m - 16. What is b(-8)?
48
Let a(o) = -o**3 + 76*o**2 + 1184*o - 2406. Give a(89).
-3
Let t(a) = -4*a**2 - 250*a + 19. What is t(0)?
19
Let n(t) = -14*t**2 - 424*t + 2482. What is n(5)?
12
Let k(d) = 2*d**2 + 120*d - 4254. Determine k(25).
-4
Let f(n) = 24*n + 1268. What is f(-50)?
68
Let i(y) = y**3 + 9*y**2 - 29*y - 149. Calculate i(-10).
41
Let u(s) = s**3 - 63*s**2 + 919*s + 18. Determine u(23).
-5
Let t(c) = c**2 - 24*c + 125. Calculate t(15).
-10
Let p(i) = 125*i - 1123. Calculate p(9).
2
Let w(a) = -5*a**3 - 890*a**2 - a - 224. Give w(-178).
-46
Let l(s) = -123*s - 616. Give l(-5).
-1
Let v(z) = 732*z - 17595. What is v(24)?
-27
Let z(j) = -119*j - 1812. Determine z(-15).
-27
Let o(b) = b**3 + 72*b**2 + 228*b + 1467. Determine o(-69).
18
Let d(m) = -m**3 - 27*m**2 - 6*m - 163. What is d(-27)?
-1
Let m(k) = 20*k - 342. What is m(18)?
18
Let f(z) = -4*z + 4. What is f(-6)?
28
Let m(y) = 5*y**2 + 635*y - 22. What is m(0)?
-22
Let w(z) = -4*z**3 - 2*z**2 + 17*z - 15. Determine w(0).
-15
Let o(y) = -y**2 + 12*y + 163. Calculate o(-8).
3
Let m(w) = w**3 + 13*w**2 + 2*w - 62. Give m(-13).
-88
Let p(y) = -91*y - 4. Determine p(-1).
87
Let h(j) = 13*j**3 - 329*j**2 - 233*j - 41. Give h(26).
-15
Let s(f) = -2*f - 375. What is s(-3)?
-369
Let p(l) = l**2 - 42*l - 355. Determine p(-7).
-12
Let j(t) = -t**3 - 21*t**2 - 100*t - 92. Give j(-5).
8
Let z(p) = 2*p**3 - 4*p**2 - p + 5. Give z(7).
488
Let f(a) = -460*a - 21617. Calculate f(-47).
3
Let d(u) = 33343*u + 133375. Give d(-4).
3
Let i(c) = -3*c**2 - 21*c + 11. Determine i(8).
-349
Let i(y) = -y**3 + 14*y**2 - 58*y + 415. Calculate i(12).
7
Let u(h) = -h**3 + 33*h**2 + 250*h - 629. Give u(39).
-5
Let q(m) = m**3 + 11*m**2 + 8*m - 34. Give q(-4).
46
Let g(k) = k**2 - 69*k + 573. What is g(10)?
-17
Let r(l) = l**3 + 11*l**2 - 270*l - 2350. Give r(-8).
2
Let t(p) = p**2 - 39*p - 5177. Give t(94).
-7
Let n(k) = -73*k - 372. Determine n(-5).
-7
Let o(i) = -i**3 + 5*i**2 + 31*i - 121. What is o(6)?
29
Let w(u) = -u**2 + 50*u + 541. What is w(-9)?
10
Let l(z) = -z**2 + 25*z + 664. Give l(41).
8
Let j(t) = 342*t**3 + t**2 - 7*t + 6. Give j(1).
342
Let w(g) = -g**3 - 10*g**2 + 34*g - 11. Give w(6).
-383
Let h(u) = 3*u**2 - 681*u + 2005. What is h(224)?
-11
Let h(l) = -2*l**2 + 11*l + 13. Calculate h(-8).
-203
Let a(s) = 3*s**2 + 186*s - 104. Calculate a(-63).
85
Let k(j) = -j**3 + 4*j**2 + 27*j - 173. What is k(7)?
-131
Let z(r) = 20*r**2 + 199*r - 7. Calculate z(-10).
3
Let w(j) = 2*j**2 - 47*j + 313. Calculate w(7).
82
Let i(u) = -19*u + 195. Give i(7).
62
Let l(u) = -u**3 + 49*u**2 - 97*u - 27. What is l(47)?
-168
Let v(q) = -q**3 - 56*q**2 + 316*q - 26. What is v(5)?
29
Let r(a) = 47*a - 1699. What is r(35)?
-54
Let q(u) = -2*u**3 + 45*u**2 - 234*u - 60. What is q(14)?
-4
Let d(w) = 17*w**2 - 22*w + 46. Calculate d(2).
70
Let r(d) = d**2 - 16*d - 188. Give r(-8).
4
Let u(c) = -5*c**3 - 84*c**2 - 68*c - 59. Give u(-16).
5
Let b(n) = n**3 - 302*n**2 + 8404*n - 820. Give b(271).
-7
Let t(l) = -12*l - 110. Give t(-16).
82
Let s(r) = r**3 + 20*r**2 - 44*r + 45. Give s(-22).
45
Let f(w) = 4674*w**2 - 9350*w + 5. What is f(2)?
1
Let m(w) = -157*w - 1542. Give m(-10).
28
Let y(g) = 4*g**3 - 706*g**2 + 349*g + 529. What is y(176)?
1
Let b(z) = -z**3 + 40*z**2 - 87*z + 397. What is b(38)?
-21
Let z(c) = -61*c + 428. What is z(7)?
1
Let u(q) = 196*q + 1763. Give u(-9).
-1
Let i(m) = 189*m - 158. Give i(1).
31
Let a(q) = 16*q**2 + 1132*q - 111. Give a(-71).
173
Let z(d) = -11*d**2 - 174*d - 516. Determine z(-3).
-93
Let a(x) = 3*x + 306. Give a(-105).
-9
Let h(g) = -g**3 - 38*g**2 + 58*g + 736. Give h(-39).
-5
Let w(c) = 71*c**3 - 3*c**2 + 3. What is w(1)?
71
Let a(z) =